{"id":38,"date":"2026-01-15T12:18:49","date_gmt":"2026-01-15T11:18:49","guid":{"rendered":"https:\/\/www.raadvankerkeneindhoven.nl\/?page_id=38"},"modified":"2026-04-22T11:10:39","modified_gmt":"2026-04-22T09:10:39","slug":"actueel","status":"publish","type":"page","link":"https:\/\/www.raadvankerkeneindhoven.nl\/actueel\/","title":{"rendered":"Actueel"},"content":{"rendered":"\t\t<div data-elementor-type=\"wp-page\" data-elementor-id=\"38\" class=\"elementor elementor-38\" data-elementor-post-type=\"page\">\n\t\t\t\t<div class=\"elementor-element elementor-element-54cf7a1 e-flex e-con-boxed e-con e-parent\" data-id=\"54cf7a1\" data-element_type=\"container\" data-e-type=\"container\" data-settings=\"{&quot;background_background&quot;:&quot;classic&quot;}\">\n\t\t\t\t\t<div class=\"e-con-inner\">\n\t\t\t\t\t<\/div>\n\t\t\t\t<\/div>\n\t\t<div class=\"elementor-element elementor-element-b3f2933 e-con-full e-flex e-con e-parent\" data-id=\"b3f2933\" data-element_type=\"container\" data-e-type=\"container\">\n\t\t<div class=\"elementor-element elementor-element-6f716ef e-con-full e-flex e-con e-child\" data-id=\"6f716ef\" data-element_type=\"container\" data-e-type=\"container\">\n\t\t\t\t<div class=\"elementor-element elementor-element-0891f43 elementor-grid-3 elementor-grid-tablet-2 elementor-grid-mobile-1 elementor-posts--thumbnail-top elementor-widget elementor-widget-posts\" data-id=\"0891f43\" data-element_type=\"widget\" data-e-type=\"widget\" data-settings=\"{&quot;classic_columns&quot;:&quot;3&quot;,&quot;classic_columns_tablet&quot;:&quot;2&quot;,&quot;classic_columns_mobile&quot;:&quot;1&quot;,&quot;classic_row_gap&quot;:{&quot;unit&quot;:&quot;px&quot;,&quot;size&quot;:35,&quot;sizes&quot;:[]},&quot;classic_row_gap_laptop&quot;:{&quot;unit&quot;:&quot;px&quot;,&quot;size&quot;:&quot;&quot;,&quot;sizes&quot;:[]},&quot;classic_row_gap_tablet&quot;:{&quot;unit&quot;:&quot;px&quot;,&quot;size&quot;:&quot;&quot;,&quot;sizes&quot;:[]},&quot;classic_row_gap_mobile&quot;:{&quot;unit&quot;:&quot;px&quot;,&quot;size&quot;:&quot;&quot;,&quot;sizes&quot;:[]}}\" data-widget_type=\"posts.classic\">\n\t\t\t\t<div class=\"elementor-widget-container\">\n\t\t\t\t\t\t\t<div class=\"elementor-posts-container elementor-posts elementor-posts--skin-classic elementor-grid\" role=\"list\">\n\t\t\t\t<article class=\"elementor-post elementor-grid-item post-884 post type-post status-publish format-standard hentry category-actueel category-blog\" role=\"listitem\">\n\t\t\t\t<div class=\"elementor-post__text\">\n\t\t\t\t<h3 class=\"elementor-post__title\">\n\t\t\t<a href=\"https:\/\/www.raadvankerkeneindhoven.nl\/eindhoven-airport-non\/\" >\n\t\t\t\tEindhoven Airport &#8211; NON\t\t\t<\/a>\n\t\t<\/h3>\n\t\t\t\t<div class=\"elementor-post__meta-data\">\n\t\t\t\t\t<span class=\"elementor-post-date\">\n\t\t\t13 april 2026\t\t<\/span>\n\t\t\t\t<\/div>\n\t\t\t\t<div class=\"elementor-post__excerpt\">\n\t\t\t<p>In de aankomsthal stond een non. Een opvallende verschijning in haar zwarte habijt. Ik sprak haar aan. Ze wachtte op een vlucht uit Dublin, daar zaten familieleden van haar medezusters in, die op bezoek kwamen. Ze vertelde over haar congregatie. Ik zei dat ik luchthavenpastor ben. Ze zei, maar u bent niet katholiek, dat voel ik meteen aan. Ik zei dat ik dominee in de PKN ben. Ik vertelde over de gebedsruimte. Die wilde ze wel zien, ze had nog tijd. We gingen naar boven, en ze bekeek de gebedsruimte. Ze zag meteen de tafel met bijbels. O wat leuk bijbel in gewone taal. Mag ik daar \u00e9\u00e9n van meenemen? Natuurlijk mocht dat, daar zijn ze voor. Een bijzondere ontmoeting, je komt niet iedere dag een non tegen. Bovendien een mooie uitwisseling tussen katholiek en protestant. Ik wist niets van die congregatie, en zij heeft die bijbel meegenomen. Mirjam van<\/p>\n\t\t<\/div>\n\t\t\n\t\t<a class=\"elementor-post__read-more\" href=\"https:\/\/www.raadvankerkeneindhoven.nl\/eindhoven-airport-non\/\" aria-label=\"Lees meer over Eindhoven Airport &#8211; NON\" tabindex=\"-1\" >\n\t\t\tLees verder \u00bb\t\t<\/a>\n\n\t\t\t\t<\/div>\n\t\t\t\t<\/article>\n\t\t\t\t<article class=\"elementor-post elementor-grid-item post-562 post type-post status-publish format-standard hentry category-actueel category-blog\" role=\"listitem\">\n\t\t\t\t<div class=\"elementor-post__text\">\n\t\t\t\t<h3 class=\"elementor-post__title\">\n\t\t\t<a href=\"https:\/\/www.raadvankerkeneindhoven.nl\/eindhoven-airport-2\/\" >\n\t\t\t\tEindhoven Airport &#8211; Familie\t\t\t<\/a>\n\t\t<\/h3>\n\t\t\t\t<div class=\"elementor-post__meta-data\">\n\t\t\t\t\t<span class=\"elementor-post-date\">\n\t\t\t11 februari 2026\t\t<\/span>\n\t\t\t\t<\/div>\n\t\t\t\t<div class=\"elementor-post__excerpt\">\n\t\t\t<p>In de aankomsthal van het vliegveld sprak ik een vrouw. Zij kwam haar dochter, met haar twee kinderen ophalen. Ze wonen in Spanje, de dochter is getrouwd met een spanjaard. Ze zei, \u201cmijn zus heeft haar kleinkinderen om de hoek wonen, zij ziet ze een paar keer per week. Ik zie mijn kleinkinderen drie keer per jaar\u201d. Ik zei \u201cdat valt zeker niet mee voor u\u201d. Ze vertelde dat ze veel contact hebben via facetime, maar dat dat natuurlijk niet hetzelfde is, als iemand kunnen omhelzen. Heel regelmatig ontmoet ik mensen met familie in een ver land. Aan de ene kant zijn ze blij, dat ze hun familieleden weer zullen ontmoeten, aan de andere kant, is er het verdriet om die afstand. Deze vrouw vertelde mij openhartig haar verhaal. Toen haar dochter en de twee kinderen uit de schuifdeuren kwamen, en ze elkaar begroet hadden, keek de vrouw nog naar<\/p>\n\t\t<\/div>\n\t\t\n\t\t<a class=\"elementor-post__read-more\" href=\"https:\/\/www.raadvankerkeneindhoven.nl\/eindhoven-airport-2\/\" aria-label=\"Lees meer over Eindhoven Airport &#8211; Familie\" tabindex=\"-1\" >\n\t\t\tLees verder \u00bb\t\t<\/a>\n\n\t\t\t\t<\/div>\n\t\t\t\t<\/article>\n\t\t\t\t<article class=\"elementor-post elementor-grid-item post-45 post type-post status-publish format-standard hentry category-actueel category-blog\" role=\"listitem\">\n\t\t\t\t<div class=\"elementor-post__text\">\n\t\t\t\t<h3 class=\"elementor-post__title\">\n\t\t\t<a href=\"https:\/\/www.raadvankerkeneindhoven.nl\/bericht-eindhoven-airport\/\" >\n\t\t\t\tEindhoven Airport &#8211; Feesten\t\t\t<\/a>\n\t\t<\/h3>\n\t\t\t\t<div class=\"elementor-post__meta-data\">\n\t\t\t\t\t<span class=\"elementor-post-date\">\n\t\t\t15 januari 2026\t\t<\/span>\n\t\t\t\t<\/div>\n\t\t\t\t<div class=\"elementor-post__excerpt\">\n\t\t\t<p>Vlak na Kerst was ik op het vliegveld en sprak in de aankomsthal een vrouw, die twee kleine kinderen bij zich had. Ze vertelde dat ze haar man op kwam halen die via Istanboel uit Dubai kwam.\u00a0 Ze wonen in Dubai, en waren in Nederland op bezoek bij familie. Ze zag er niet uit als een moslima, dus ik vroeg, hebben jullie Kerstmis gevierd? Jazeker zei ze, wij zijn thuis niet religieus, maar we vieren wel alle feesten want dat is leuk voor de kinderen. Kerstmis, Chanoeka, en Suikerfeest. Dat vinden we z\u00f3 gezellig. Volgende week gaan we weer met z\u2019n allen terug naar Dubai. Ik heb ze fijne dagen bij de familie gewenst, en een goede reis terug. Van een godsdienst alleen de feesten willen vieren, die mogelijkheid had ik nog niet gehoord. Maar het leven bestaat uit m\u00e9\u00e9r dan alleen maar feesten, en een godsdienst is veel m\u00e9\u00e9r<\/p>\n\t\t<\/div>\n\t\t\n\t\t<a class=\"elementor-post__read-more\" href=\"https:\/\/www.raadvankerkeneindhoven.nl\/bericht-eindhoven-airport\/\" aria-label=\"Lees meer over Eindhoven Airport &#8211; Feesten\" tabindex=\"-1\" >\n\t\t\tLees verder \u00bb\t\t<\/a>\n\n\t\t\t\t<\/div>\n\t\t\t\t<\/article>\n\t\t\t\t<\/div>\n\t\t\n\t\t\t\t\t\t<\/div>\n\t\t\t\t<\/div>\n\t\t\t\t<\/div>\n\t\t\t\t<\/div>\n\t\t\t\t<\/div>\n\t\t","protected":false},"excerpt":{"rendered":"","protected":false},"author":1,"featured_media":0,"parent":0,"menu_order":10,"comment_status":"closed","ping_status":"closed","template":"","meta":{"footnotes":""},"class_list":["post-38","page","type-page","status-publish","hentry"],"_links":{"self":[{"href":"https:\/\/www.raadvankerkeneindhoven.nl\/wp-json\/wp\/v2\/pages\/38","targetHints":{"allow":["GET"]}}],"collection":[{"href":"https:\/\/www.raadvankerkeneindhoven.nl\/wp-json\/wp\/v2\/pages"}],"about":[{"href":"https:\/\/www.raadvankerkeneindhoven.nl\/wp-json\/wp\/v2\/types\/page"}],"author":[{"embeddable":true,"href":"https:\/\/www.raadvankerkeneindhoven.nl\/wp-json\/wp\/v2\/users\/1"}],"replies":[{"embeddable":true,"href":"https:\/\/www.raadvankerkeneindhoven.nl\/wp-json\/wp\/v2\/comments?post=38"}],"version-history":[{"count":58,"href":"https:\/\/www.raadvankerkeneindhoven.nl\/wp-json\/wp\/v2\/pages\/38\/revisions"}],"predecessor-version":[{"id":919,"href":"https:\/\/www.raadvankerkeneindhoven.nl\/wp-json\/wp\/v2\/pages\/38\/revisions\/919"}],"wp:attachment":[{"href":"https:\/\/www.raadvankerkeneindhoven.nl\/wp-json\/wp\/v2\/media?parent=38"}],"curies":[{"name":"wp","href":"https:\/\/api.w.org\/{rel}","templated":true}]}}